{"id":236694,"date":"2020-07-15T09:04:46","date_gmt":"2020-07-15T08:04:46","guid":{"rendered":"https:\/\/www.magicmoble.com\/web\/?post_type=product&#038;p=236694"},"modified":"2022-11-25T16:55:06","modified_gmt":"2022-11-25T15:55:06","slug":"recibidor-dinor-04-color-grafito-y-gris","status":"publish","type":"product","link":"https:\/\/www.magicmoble.com\/web\/producto\/recibidor-dinor-04-color-grafito-y-gris\/","title":{"rendered":"Recibidor Dinor 04 color grafito y gris"},"content":{"rendered":"<ul>\n<li>Consola con espejo grafito detalles gris.<\/li>\n<li>Fabricado laca mate de alta calidad.<\/li>\n<li>Caj\u00f3n con guias met\u00e1licas y pulsador.<\/li>\n<li>Medidas consola 114cm ancho, 28cm fondo y 86cm alto.<\/li>\n<li>Medidas marco espejo 60cm ancho y 95cm alto (ud).<\/li>\n<li>Disponible en varios colores y acabados.<\/li>\n<li>Plazo de entrega entre 35 y 40 d\u00edas.<\/li>\n<\/ul>\n","protected":false},"excerpt":{"rendered":"<ul>\n<li>Dise\u00f1o \u00fanico y sim\u00e9trico.<\/li>\n<li>Dale un toque atractivo a tu recibidor.<\/li>\n<li>C\u00f3modos cajones para tu d\u00eda a d\u00eda.<\/li>\n<li>Disponible en varios colores.<\/li>\n<li>Plazo de entrega entre 35 y 40 d\u00edas.<\/li>\n<\/ul>\n","protected":false},"featured_media":236795,"comment_status":"closed","ping_status":"closed","template":"","meta":[],"product_cat":[59,60],"product_tag":[],"class_list":{"0":"post-236694","1":"product","2":"type-product","3":"status-publish","4":"has-post-thumbnail","6":"product_cat-auxiliares","7":"product_cat-recibidores","9":"first","10":"instock","11":"shipping-taxable","12":"purchasable","13":"product-type-simple"},"_links":{"self":[{"href":"https:\/\/www.magicmoble.com\/web\/wp-json\/wp\/v2\/product\/236694","targetHints":{"allow":["GET"]}}],"collection":[{"href":"https:\/\/www.magicmoble.com\/web\/wp-json\/wp\/v2\/product"}],"about":[{"href":"https:\/\/www.magicmoble.com\/web\/wp-json\/wp\/v2\/types\/product"}],"replies":[{"embeddable":true,"href":"https:\/\/www.magicmoble.com\/web\/wp-json\/wp\/v2\/comments?post=236694"}],"wp:featuredmedia":[{"embeddable":true,"href":"https:\/\/www.magicmoble.com\/web\/wp-json\/wp\/v2\/media\/236795"}],"wp:attachment":[{"href":"https:\/\/www.magicmoble.com\/web\/wp-json\/wp\/v2\/media?parent=236694"}],"wp:term":[{"taxonomy":"product_cat","embeddable":true,"href":"https:\/\/www.magicmoble.com\/web\/wp-json\/wp\/v2\/product_cat?post=236694"},{"taxonomy":"product_tag","embeddable":true,"href":"https:\/\/www.magicmoble.com\/web\/wp-json\/wp\/v2\/product_tag?post=236694"}],"curies":[{"name":"wp","href":"https:\/\/api.w.org\/{rel}","templated":true}]}}