{"id":236692,"date":"2020-07-15T09:01:37","date_gmt":"2020-07-15T08:01:37","guid":{"rendered":"https:\/\/www.magicmoble.com\/web\/?post_type=product&#038;p=236692"},"modified":"2022-11-25T16:46:15","modified_gmt":"2022-11-25T15:46:15","slug":"recibidor-dinor-02-color-moka-y-beige","status":"publish","type":"product","link":"https:\/\/www.magicmoble.com\/web\/producto\/recibidor-dinor-02-color-moka-y-beige\/","title":{"rendered":"Recibidor Dinor 02 color moka y beige"},"content":{"rendered":"<ul>\n<li>Consola con espejo moka detalles beige.<\/li>\n<li>Fabricado laca mate de alta calidad.<\/li>\n<li>Caj\u00f3n con gu\u00edas met\u00e1licas.<\/li>\n<li>Medidas consola 114cm ancho, 28cm fondo y 85cm alto.<\/li>\n<li>Medidas marco espejo 90cm ancho y 110cm alto.<\/li>\n<li>Disponible en varios colores y acabados.<\/li>\n<li>Plazo de entrega entre 35 y 40 d\u00edas.<\/li>\n<\/ul>\n","protected":false},"excerpt":{"rendered":"<ul>\n<li>Dise\u00f1o elegante y sofisticado.<\/li>\n<li>Para recibidor con car\u00e1cter.<\/li>\n<li>Dale un toque distinguido a tu casa.<\/li>\n<li>Disponible en varios colores.<\/li>\n<li>Plazo de entrega entre 35 y 40 d\u00edas.<\/li>\n<\/ul>\n","protected":false},"featured_media":236793,"comment_status":"closed","ping_status":"closed","template":"","meta":[],"product_cat":[59,60],"product_tag":[],"class_list":{"0":"post-236692","1":"product","2":"type-product","3":"status-publish","4":"has-post-thumbnail","6":"product_cat-auxiliares","7":"product_cat-recibidores","9":"first","10":"instock","11":"shipping-taxable","12":"purchasable","13":"product-type-simple"},"_links":{"self":[{"href":"https:\/\/www.magicmoble.com\/web\/wp-json\/wp\/v2\/product\/236692","targetHints":{"allow":["GET"]}}],"collection":[{"href":"https:\/\/www.magicmoble.com\/web\/wp-json\/wp\/v2\/product"}],"about":[{"href":"https:\/\/www.magicmoble.com\/web\/wp-json\/wp\/v2\/types\/product"}],"replies":[{"embeddable":true,"href":"https:\/\/www.magicmoble.com\/web\/wp-json\/wp\/v2\/comments?post=236692"}],"wp:featuredmedia":[{"embeddable":true,"href":"https:\/\/www.magicmoble.com\/web\/wp-json\/wp\/v2\/media\/236793"}],"wp:attachment":[{"href":"https:\/\/www.magicmoble.com\/web\/wp-json\/wp\/v2\/media?parent=236692"}],"wp:term":[{"taxonomy":"product_cat","embeddable":true,"href":"https:\/\/www.magicmoble.com\/web\/wp-json\/wp\/v2\/product_cat?post=236692"},{"taxonomy":"product_tag","embeddable":true,"href":"https:\/\/www.magicmoble.com\/web\/wp-json\/wp\/v2\/product_tag?post=236692"}],"curies":[{"name":"wp","href":"https:\/\/api.w.org\/{rel}","templated":true}]}}